 + -23. What is the greatest common divisor of z and f?
12
Let x be 10/(-25) + (-62)/(-5). Let g be 6/2*(8 - 7). Suppose -2*z = -g*z - 4*d + 26, 5*z = 3*d + 153. Calculate the greatest common factor of x and z.
6
Let q be 18938/8 - (0 - (-12)/48). What is the greatest common divisor of 45 and q?
9
Let j(f) = f**3 + 55*f**2 + 247*f - 96. Let c be j(-50). What is the greatest common factor of c and 42?
6
Suppose 60833 = 81*z - 43819. Calculate the greatest common divisor of 304 and z.
76
Let c be 20/(-10) + 1 - (-2)/(-2). Let s be -3 - -3 - c*(-14)/(-7). Suppose -17 = -5*k + 33. What is the highest common factor of s and k?
2
Let a(d) = 10*d + 10128. Let v be a(0). What is the highest common divisor of v and 16?
16
Let i be (-3 - 6/(-3))*-14. What is the highest common factor of i and 721?
7
Suppose -6*s - 3021 = 1803. Let c = -399 - s. Calculate the greatest common divisor of c and 81.
81
Suppose -r + 3*g + 10 = 0, -2*g + 40 = r + 3*r. Suppose r*s - 792 = -s. Calculate the highest common divisor of 6 and s.
6
Let u = 20 + -16. Let z(d) = d**3 + 5*d**2 + 4*d. Let p be z(-3). Let g = 8 - p. What is the greatest common divisor of g and u?
2
Suppose 786 = 2*v - z, 10*v = 12*v + z - 774. Calculate the greatest common divisor of 600 and v.
30
Suppose d - 5*v - 36 = 0, 25 = -d + 2*v + 49. Suppose 3*w = -3*c + 30, -5*w + 3*w + 3*c - 5 = 0. Calculate the greatest common factor of d and w.
1
Let m = -800 - -796. Let q(h) = -2*h**3 + 5*h**2 + 3*h - 14. Let z be q(m). Calculate the greatest common factor of 98 and z.
14
Suppose 15*y + 630 = -45. Let t = y + 50. What is the greatest common factor of t and 155?
5
Let y be 1 - (0/5 - 1). Suppose -2*w - 4*p = -8, y = -w - p + 6. Let t be 2 - w/(12/(-39)). What is the highest common factor of t and 165?
15
Let n = 7264 - 4672. What is the greatest common factor of n and 1080?
216
Let k = -171 + 200. Suppose 31*x = k*x + 208. What is the highest common factor of x and 13?
13
Let k = -124 + 189. Let g be 3/(0 + 3/(-82)). Let z be g*(-1)/6 - 6/9. Calculate the highest common factor of k and z.
13
Let g(b) = b**2 - 13*b - 66. Suppose -63*d - 60 = -58*d. Let i be g(d). What is the greatest common divisor of i and 18?
18
Suppose -147 = -2*s + 63. Let c(t) = t**3 - 56*t**2 + t + 7. Let w be c(56). What is the greatest common factor of w and s?
21
Let q(c) = -21*c - 167. Let k be q(-15). What is the greatest common factor of 20 and k?
4
Let o = -9099 - -9369. Calculate the greatest common divisor of o and 1431.
27
Let q = 423769 - 423766. Let z be (-2 + -6)/(2/(-6)). What is the greatest common divisor of z and q?
3
Let f = 6881 + -6877. Suppose 5*t = -0*t. Suppose -5*h - f*a = -39 + 2, t = a - 3. Calculate the greatest common divisor of 20 and h.
5
Suppose -101*x + 5 = -100*x. Let m(n) = 4 + 5*n - 8 - 17. Let h be m(x). Calculate the highest common divisor of h and 10.
2
Let o be 1/(-2) - (-53)/2. Suppose 485*k - 482*k - 2*l - 854 = 0, -1154 = -4*k - 5*l. Calculate the greatest common divisor of o and k.
26
Suppose -2*l + 17308 = -3*r, 0*r - 4*l = -r - 5786. Let h be (2/(-1) + 1)/(62/r). Calculate the greatest common divisor of 3 and h.
3
Let u = 545 - -2799. What is the highest common factor of 228 and u?
76
Let i = 240 - 223. Suppose -i*n = -26*n + 3420. Calculate the greatest common factor of 40 and n.
20
Let g = -360 - -398. Let h be 0 + (-1)/2 + 931/g. Calculate the highest common factor of h and 24.
24
Let v(y) = 54*y**2 - 2*y + 3. Let a = -15 - -16. Let n be v(a). Suppose 3*z + r - 364 = 0, 5*z - 565 = -5*r + n. What is the highest common factor of 15 and z?
15
Let t be (-6)/(-21) - 61/(-7). Let f be (2/6)/(t/162). Let u(n) = -3*n + 3. Let w be u(-5). What is the highest common divisor of w and f?
6
Let y = -367 - -499. Let w(u) = -u**3 + u**2 - 2*u + 36. Let c be w(0). Calculate the greatest common divisor of y and c.
12
Suppose v - 3 = -0. Suppose t + 182 = v*t - 2*x, -6 = 2*x. Suppose 212*o = 420*o - 2288. Calculate the greatest common factor of o and t.
11
Let m be 32/2*(20 - (0 - 0)). Calculate the highest common factor of 80 and m.
80
Let t be 22 - 2 - (-6995)/5. Calculate the highest common factor of 99 and t.
33
Let a(i) be the first derivative of -1/2*i**4 - i - 3/2*i**2 + 0*i**3 + 20. Let c be a(-1). Calculate the greatest common divisor of c and 6.
2
Let x = 7 - -3. Let n(h) = h**3 + 3*h**2 - 2*h + 2. Let i(q) = 4*q - 9. Let m be i(3). Let o be n(m). What is the highest common divisor of x and o?
10
Suppose 92433 = 60*u + 3693. Calculate the greatest common factor of 204 and u.
51
Suppose 5*n + 2*o - 235 = 0, 18 = n + 5*o - 29. Let z be 7 - (14 + -5) - (0 - n). What is the greatest common factor of 162 and z?
9
Let q be -8 - 76/((-2)/4*1). What is the greatest common divisor of 9216 and q?
144
Suppose 2*o = -3*t - 72 - 7, 3*o - 2*t + 86 = 0. Let d(j) = -j**2 - 40*j - 80. Let g be d(o). What is the greatest common factor of g and 48?
16
Let b = 872 + -353. Let a = b - 348. Calculate the greatest common factor of 19 and a.
19
Suppose 2*n = -2, -2*f - 1 + 12 = -3*n. Suppose -f = -3*k + 47. Let x = 33 - k. What is the highest common divisor of x and 176?
16
Let h be (-14 - 28)/(5/(-50)). What is the highest common divisor of 6510 and h?
210
Let h(b) = b**2 - 78*b + 594. Let t be h(0). Calculate the greatest common factor of 3102 and t.
66
Let v be ((-6)/(-15))/((-147)/30 - -5). Suppose 0 = -4*l + 41 + 7. What is the greatest common factor of v and l?
4
Suppose 6 = -4*a - 3*m + 16, -m - 2 = 0. Suppose a*t = 2*q - 98, 3*t - 73 = -2*q + 2*t. Let k = -17 - -43. Calculate the highest common divisor of k and q.
13
Let j be 14*-3*(-1)/(-2). Let f be (39/j + 1)*-126. Suppose -2*u + 4*d + 104 = 0, 3*u + 9472*d - 9467*d = 68. Calculate the greatest common divisor of u and f.
36
Let k(f) = -f**3 - 15*f**2 + 13*f - 27. Let v be k(-18). Suppose 2*q + 171 = v. Let u be ((-4)/6)/((-4)/648). Calculate the highest common factor of q and u.
54
Suppose 4*i = 2*q + 80, 44*q = -4*i + 48*q + 72. Let p = 18 - -356. What is the highest common divisor of i and p?
22
Suppose -205*x + 165*x = -47000. What is the greatest common divisor of x and 125?
25
Suppose -15 = 3*h, -3*j + 44 = 4*h + h. Let a = -79 - -148. Calculate the highest common factor of j and a.
23
Let l be (-28)/(-3) + (-4)/(-6). Let g be 2*(-3)/8*1120/(-420). Let i be (-85)/g*(-4)/l. Calculate the greatest common divisor of i and 187.
17
Let i(y) = -y**2 - 14*y - 41. Let z be i(-9). Suppose -3*p = -x + 93, -z*x + 3*p = -2*p - 386. What is the highest common divisor of 132 and x?
33
Let v(c) = 432*c**2 - 130*c + 17. Let j be v(7). What is the greatest common factor of j and 25?
25
Let h be 1/(-4)*1018*2. Let k = h - 83. Let c be 12/15 + k/(-10). What is the greatest common divisor of 15 and c?
15
Let c(v) = v**3 + v**2 + v. Let u(p) = -p**3 - 2*p**2 - 7*p - 9. Let i(q) = -5*c(q) - u(q). Let x be i(-4). What is the highest common factor of x and 11?
11
Let v = 81 - 79. Suppose -2*w - v*b + 10 = 0, -5*w = -2*b - 13 - 5. Suppose 84 = -w*d + 6*d. What is the greatest common divisor of d and 42?
42
Suppose 13060*i = 13058*i + 1960. What is the highest common factor of 110 and i?
10
Let n be ((-3)/6)/((-1)/6). Let m = -1503 + 1509. What is the greatest common divisor of m and n?
3
Let s = -677 - -728. Suppose 7*l = 576 - s. Calculate the greatest common divisor of 50 and l.
25
Let o(l) = -l**3 + 63*l**2 + 397*l - 100. Let j be o(31). Calculate the highest common factor of j and 17.
17
Suppose 48*m + 9 = 51*m. Suppose -3*l + 216 = 4*v, -m*v + 100 + 62 = 5*l. What is the greatest common divisor of v and 12?
6
Let l be 4 - (1/1 - 3). Let r = 1456 - 1453. Calculate the greatest common factor of r and l.
3
Let n be 12 - ((-35)/(-7) + -5). Let m = 6 - -12. Calculate the greatest common divisor of n and m.
6
Suppose 0 = -3*s - 200*l + 195*l + 789, -1276 = -5*s - 4*l. Calculate the highest common factor of s and 72.
8
Let m be (-18)/21 + (-16)/336*-543. What is the greatest common divisor of 865 and m?
5
Let i(p) = -13*p + 63. Let f be i(0). Suppose -f*o + 24*o = -624. What is the greatest common factor of 272 and o?
16
Let d = -5383 + 7929. What is the highest common divisor of d and 134?
134
Suppose -4*o - 38955 = -5*g, 0 = 3*g + 187*o - 188*o - 23373. What is the highest c